. Let m be d(-8). Suppose -4*y + 222 = -m*l, y = 5*y - l - 218. Calculate the highest common divisor of 6 and y.
6
Let o(u) = 3*u + 1. Let m be o(2). Calculate the greatest common divisor of 7 and m.
7
Let t be 10*(-5 - 75/(-6)). Calculate the highest common factor of t and 15.
15
Let t = -61 - -94. Calculate the highest common divisor of t and 22.
11
Let l(a) = -a**3 - 10*a**2 + 24*a + 10. Let i be l(-12). Suppose 2*m + 5 = -m - 4*r, 4*m + 4*r + 4 = 0. Calculate the highest common factor of i and m.
1
Let b = -2 + -1. Let z be -1 + (-10)/b*-3. Let k be -1 - (z + 2 + -1). What is the greatest common divisor of k and 9?
9
Let g be (-2)/4 + 129/6. Calculate the highest common factor of g and 21.
21
Let x = -2 + 1. Suppose 37 = -c - 0*n + 3*n, -4*c - 4*n = 116. Let u = x - c. Calculate the highest common factor of 45 and u.
15
Let y be 18 + (-2)/(-8)*4. Suppose 160 = 4*s + 5*q, q + 141 = 4*s - y. What is the greatest common divisor of 100 and s?
20
Let d(m) = -m**2 - 13*m - 38. Let i be d(-8). Suppose -p + s + 6 = 0, -p - s + 6 = p. What is the highest common divisor of p and i?
2
Let k = -29 + 41. What is the greatest common factor of k and 48?
12
Suppose -c = 3 - 2. Let j(m) be the second derivative of -9*m**3 - 3*m. Let d be j(c). What is the greatest common divisor of d and 36?
18
Let o be 2 - 3 - -5*1. Suppose 54 = 3*g - k, -3 = -g - o*k + 15. What is the highest common divisor of 12 and g?
6
Let a(n) = n**3 - 4*n**2 - 4. Let y be a(5). Calculate the highest common divisor of 3 and y.
3
Let p be (-85)/(-9) + (-68)/153. Suppose z = 1 - 0. What is the greatest common divisor of z and p?
1
Let h(s) be the first derivative of s**3/3 - 3*s**2/2 - 3*s - 2. Let v be h(4). Calculate the greatest common factor of v and 2.
1
Suppose -5*a - 32 = -7*a. What is the highest common divisor of 56 and a?
8
Let h(i) = 3*i**2 + 5*i + 3*i**2 - 9 - 5*i**2. Let f be h(8). What is the highest common factor of f and 19?
19
Suppose j + 5*k = -3*j + 215, -k = -3*j + 185. Suppose 2*p + 3*p - j = -2*g, -3*g - 3*p = -81. Calculate the highest common factor of 200 and g.
25
Let d = 172 - 70. Calculate the highest common factor of 68 and d.
34
Let h be 17 - -2*2/4. Let a = -290 - -776. Suppose -a = -0*c - 3*c. Calculate the highest common factor of c and h.
18
Let o be (-1)/(-2) - 5/(-2). Suppose -3*b - 70 = -r - 0*b, -o*r = -5*b - 230. Calculate the highest common divisor of r and 17.
17
Let y = 28 - 12. Let d = 58 + 38. Suppose d = -0*j + 4*j - 4*m, 0 = 4*j - 3*m - 96. What is the greatest common factor of j and y?
8
Let n be (-2)/(-9) + (-4744)/(-36). Let r = 5 + -3. Let c = 14 - r. Calculate the greatest common factor of n and c.
12
Let s = -156 - -201. What is the greatest common factor of s and 9?
9
Let k be (-10)/2 - (1 - 0). Let p = k - -15. Suppose -p = -3*f, 2*f - 222 = -3*d + d. Calculate the greatest common factor of d and 12.
12
Suppose -2*o + 15 = -19. Suppose 12 = -3*t - l - 18, -30 = 3*t - 5*l. Let s be 5/t - 750/(-4). What is the greatest common divisor of o and s?
17
Suppose 3*o - 8 = -2. Suppose o*i = -3*i + 75. What is the greatest common factor of 30 and i?
15
Suppose -13 + 1 = -2*w. What is the greatest common factor of 4 and w?
2
Let k = -16 - -116. What is the greatest common factor of k and 40?
20
Let f(y) = 375*y**2 - y - 1. Let w be f(-1). Suppose -4*o + l = -5*o + 75, 3*l + w = 5*o. Calculate the highest common factor of o and 30.
15
Let j = -2 - -9. Suppose -j*h = -3*h - 204. Suppose -3*u = -3*r + 51, -2*r - 3*u - 17 + h = 0. Calculate the greatest common divisor of r and 34.
17
Let a(h) = 5*h**2 + 2*h + 4. Let b be a(-5). Let j = 234 + b. Suppose -53 = 5*t - j. Calculate the greatest common factor of t and 24.
12
Let d(u) = -u + 13. Let r be d(9). Suppose x - 4 = 3*l, -4*x + 5*l - l = -56. Suppose 119 = r*s + x. Calculate the highest common divisor of 5 and s.
5
Let p = 44 - 29. Suppose -4*u + 25 + 35 = 0. Calculate the greatest common factor of p and u.
15
Suppose 4*h + 0*h - 120 = 0. Suppose d + 2*d = -5*n + 3, -2*n = -4*d + h. Suppose -132 = -0*s - 2*s. What is the greatest common factor of d and s?
6
Suppose 16 = -9*s + 13*s. What is the greatest common divisor of s and 28?
4
Suppose -2*r + 96 = -4. What is the highest common divisor of 10 and r?
10
Suppose 51 = 5*g - 2*g. Let l(f) = -f**2 + 17*f + 6. Let b be l(g). Calculate the highest common divisor of b and 15.
3
Suppose 4*v - 44 = -0*v. Suppose 5*r = -2*x + v, 3*r + 0*r + 5*x = 18. Let l be (1/(-5) + r)*15. Calculate the highest common divisor of l and 6.
6
Suppose 4*h - 30 = 42. Suppose 16 + h = 2*g - 4*s, 4*g = 5*s + 53. What is the greatest common factor of g and 7?
7
Let t be (-1)/(3/(-2 - 1)). Let s be 7 - 2 - -1 - t. Let x = -29 + 54. Calculate the greatest common divisor of s and x.
5
Suppose -f + 19 = 1. What is the highest common factor of 72 and f?
18
Suppose -5*o = 6*o - 363. Calculate the highest common factor of 297 and o.
33
Suppose -w = -3*w. Suppose -4*p + 5*d = 3 - 1, -2*p + d + 2 = w. Calculate the highest common factor of p and 2.
2
Let y(c) = c**3 - 3*c**2 + 6*c + 4. Let b be y(5). Suppose -74 = -5*j - 14. What is the greatest common factor of b and j?
12
Let f be 2/4*4 - 7. Let c be (32/f)/((-2)/20). Suppose r - c = -5*n, -3*r = n - 0*n - 10. What is the greatest common divisor of n and 13?
13
Let k(l) = -2*l + 70. Let o be 5/(-20) + (-1)/(-4). Let i be k(o). What is the highest common factor of 14 and i?
14
Let f(o) = 4*o + 6. Let x be f(3). Calculate the greatest common factor of 27 and x.
9
Let n(a) = -16*a - 17. Let o be n(-2). What is the greatest common factor of o and 30?
15
Let m(u) = 6*u - 2. Let v be m(2). Let k = 86 - -13. Let z = -69 + k. What is the highest common divisor of v and z?
10
Let l be (2*3/(-6))/(-1). Let c be (-5 - -4)/(l/(-2)). Suppose -15 = -c*k + x + 10, 2*k - 4*x = 16. Calculate the highest common factor of 7 and k.
7
Let j(y) = -y**3 + 22*y**2 - 34*y - 18. Let f be j(20). Calculate the highest common factor of f and 6.
6
Suppose -33 = -3*z - 3*v - 9, -2*v - 8 = 0. Suppose -2*i + 12 = -2*y, 4*i - 24 = -0*i - 3*y. What is the highest common factor of i and z?
6
Let u = 0 - -3. Let q(o) = o**3 - 3*o**2 + 2*o - 1. Let t be q(u). Suppose t*s - 70 = -0*s. Calculate the highest common factor of s and 14.
14
Let g(k) = 4*k**2. Let f be g(-1). Suppose -d - n + 45 = 2*n, -f*d + 196 = -4*n. Calculate the highest common factor of d and 12.
12
Suppose -3*i + 4*f + 37 = -0*i, 4*f = 4*i - 44. Let s = i + -5. Calculate the greatest common factor of 6 and s.
2
Let c be 18/(((-30)/4)/(-5)). Let u(x) be the third derivative of -x**4/24 + 22*x**3 - x**2. Let y be u(0). What is the highest common divisor of c and y?
12
Suppose 0 = -0*o + o, t = 4*o + 2. Suppose -t*i + 16 = -0*i. Let v be 86/7 + (-2)/7. Calculate the greatest common divisor of i and v.
4
Let a = 11 + -8. Suppose -5*s - 10 = 0, -a*s = 2*q - 6*s - 156. What is the highest common factor of q and 50?
25
Suppose n - 2 = -3*n + 3*k, -3*n + 5*k = 4. Let s = 30 + n. Let o be s - (-5)/(15/(-6)). Calculate the greatest common factor of o and 15.
15
Suppose 2*m = -3*f + 1336 - 366, -4*m - 652 = -2*f. Calculate the highest common divisor of 36 and f.
36
Suppose -c = c + m - 18, 0 = -c - 4*m + 2. Calculate the greatest common divisor of c and 10.
10
Suppose -4*n = 8 - 12. What is the greatest common divisor of 2 and n?
1
Let g = 3 + -1. Suppose -g = -3*d + 7. Suppose -z + 0 = -d. What is the greatest common divisor of z and 33?
3
Suppose 9*w - 20 = 4*w. Suppose -3*h - w = -5*x - 0*x, 3*h + 2*x = 10. Calculate the highest common factor of 18 and h.
2
Let f(p) = 5*p. Let i be f(3). Let l = 11 + 4. Calculate the greatest common divisor of i and l.
15
Let q be 0/(-2)*2/2. Suppose q*x - 73 = -2*z - x, x = 1. Let k(h) = h**2 + 5. Let t be k(7). What is the highest common factor of t and z?
18
Suppose 5*v - 3*v - 3*m = 111, v + 5*m = 23. What is the highest common divisor of 12 and v?
12
Let n be 28/(-10)*(-3 + -2). Suppose -t = 4*k - 397, 5*k - 60 = -3*t + 445. Calculate the greatest common factor of k and n.
14
Let y(i) = i**3 + 3*i**2 - i - 2. Let k be y(2). Suppose 4*l - 11 = 3*l. Let u = k - l. Calculate the greatest common divisor of 5 and u.
5
Suppose -2*r + 10 = -30. Let p(l) = l**3 + 5*l**2 - 8